b(g) = 5*g + 145. Let f be b(-27). Let y(w) = -3*w**3 + 27*w**2 + 30*w + 2. Let d(v) = v**3 - 9*v**2 - 10*v - 1. Let l(t) = 11*d(t) + 4*y(t). Give l(f).
-3
Suppose 4*v - 2*j - 20 = 0, -2*v = j + 2 - 8. Let c(o) = -2*o**2 + 4*o + 10. Give c(v).
-6
Let s(p) be the second derivative of 7*p**5/120 + p**4/6 - 31*p**3/6 - 13*p. Let m(b) be the second derivative of s(b). Determine m(-3).
-17
Let d(l) = l - 10. Let k = 68 + -96. Let n = k - -28. Calculate d(n).
-10
Let x(t) be the first derivative of -t**4/12 + t**3/6 + t**2/2 - 3*t - 8. Let f(p) be the first derivative of x(p). Give f(-2).
-5
Let o = -268 - -259. Let s(t) = -t - 4. Calculate s(o).
5
Let h(v) = 5*v - 4 + 6*v - 14*v - 9 + 3. Determine h(-8).
14
Let c(o) be the first derivative of -o**3/6 - 9*o**2/2 - 5*o - 13. Let m(w) be the first derivative of c(w). Determine m(-8).
-1
Suppose 3*r + 9 = 0, 4*i + 5*r = 10 - 37. Let j(z) be the first derivative of 5*z**2/2 - 2*z - 1. What is j(i)?
-17
Let q(o) = o**3 + o**2 - o - 48. Let c = 85 + -85. Calculate q(c).
-48
Let z(i) = -i + 14. Let n be 1/(35/205) - (-5)/35. What is z(n)?
8
Let o(a) be the third derivative of -a**4/4 + 2*a**3/3 + 11*a**2 + 4*a. Determine o(3).
-14
Let p(r) = -r**2 - 6*r - 10. Let o be p(-9). Let v = -34 - o. Let j(k) = 7*k - 1. Determine j(v).
20
Let x(c) = -3*c**2. Let p be 2/((6/20)/3). Suppose 4*v + 0*v = p. Suppose 3 - v = w. What is x(w)?
-12
Let f(z) = 11*z**2 + 6*z + 7. Let n(d) = 2*d**2 + 1. Let k(v) = -f(v) + 6*n(v). Suppose -5*y - q + 17 = -14, 5*y - 32 = -2*q. Determine k(y).
-1
Let d(y) = -2*y + 27. Let q be (-34)/(-4*5/10). Give d(q).
-7
Let z(p) = -10*p + 0*p - p + p - 3*p + 4. What is z(4)?
-48
Let o(m) = -m**3 - 9*m**2 - 2*m - 5. Let b(c) = c**3 + 9*c**2 + c + 6. Let h(t) = 3*b(t) + 4*o(t). Determine h(-8).
-26
Let b(n) = n**3 - 5*n**2 - 3*n - 3. Let u = -385 + 390. Give b(u).
-18
Let j(t) be the second derivative of -t**3/3 - 9*t**2/2 + 20*t. Let h(g) = g + 5. Let r(o) = 5*h(o) + 3*j(o). What is r(7)?
-9
Let v(b) = b**2 - b - 2. Let l be v(0). Let p(w) be the second derivative of -w**4/6 - w**3/6 - w**2/2 - 2*w + 5. What is p(l)?
-7
Let s(y) be the second derivative of y**4/12 - 2*y**3/3 - 7*y**2/2 - 8*y. Let o = 47 + -34. Suppose -g - 17 + 6 = -3*c, -o = -5*c + 3*g. What is s(c)?
-2
Let w(i) = 51 - 9*i + 83*i**2 + 23*i + 80*i**2 - 164*i**2. What is w(17)?
0
Let r(g) = -3*g**2 - 10*g - 8. Let h be r(-3). Let l(b) be the third derivative of -b**4/24 - 7*b**3/6 + 6*b**2. Calculate l(h).
-2
Suppose 5*c - 2*y = -22, 3*c - 12 = 4*y - 14. Let d(t) = 2*t**2 + 6*t + 8. What is d(c)?
44
Let x = -188 - -184. Let h(f) = -2*f**2 + f + 2. What is h(x)?
-34
Let i(g) = -1053*g**2 + 7*g - 3*g - 2*g + 1 - g**3 + 1052*g**2 + 6. Determine i(-3).
19
Suppose -175 + 161 = 7*x. Let t(s) = -13*s. Give t(x).
26
Let l(s) = -s**3 - 5*s**2 - 2*s + 6. Let u be l(-4). Let y(j) = -1 + j - 2*j**2 + 7 + 2*j - 2*j**3 - 4. What is y(u)?
4
Let c(y) be the second derivative of -y**3/3 + y**2/2 - 686*y. Calculate c(1).
-1
Let a(z) = 1. Let d(p) = -1 + 2 - 4 - 1 + 2*p. Let o(n) = 5*a(n) + d(n). Determine o(-1).
-1
Let l(i) = i - 4. Let b(g) = -3*g + 11. Let q(a) = -6*b(a) - 17*l(a). Let p = -1854 + 1850. Calculate q(p).
-2
Suppose -2*h + 23 = 5. Let b(u) = h - u - 2*u + u. What is b(7)?
-5
Let r = 5 - 1. Suppose r*f - 12 = -2*f. Let o be f/(-1 - 1) + 4. Let n(d) = -5*d + 3. What is n(o)?
-12
Let d(u) be the third derivative of u**5/120 + u**4/4 - 10*u**3/3 + 7*u**2. Let c(y) be the first derivative of d(y). Calculate c(0).
6
Let g(w) = -15*w - 12. Let c(h) = -2*h - 1. Let n(j) = 14*c(j) - 2*g(j). Calculate n(-10).
-10
Suppose 182 = -65*l - 78. Let s(u) = u**2 + 5*u - 2. Calculate s(l).
-6
Let x(l) = 5*l**3 + 4*l**2 + 3*l + 1. Let o = 448 - 450. Calculate x(o).
-29
Suppose 0 = -3*f + f - 160. Let s be f/15 - (-2)/6. Let m(l) = l**3 + l. Let q(k) = -4*k**3 + 4*k**2 - 10*k - 2. Let u(b) = -5*m(b) - q(b). Give u(s).
2
Let x(a) = 213 - 206 - 2*a**2 + a**2 - 10*a. What is x(-10)?
7
Suppose -2*f + 6 = -0*f. Let w = 9 - 5. Suppose w*b = b - f. Let c(x) = -2*x**2 - 2*x - 1. Determine c(b).
-1
Let z(r) = -5*r**2 + 7*r - 5. Let k(f) = -8*f**2 + 14*f - 9. Let w(b) = -3*k(b) + 5*z(b). Determine w(-6).
8
Let m(j) = j**3 - 4*j**2 - 4*j + 6. Suppose 0 = 134*l - 108*l - 130. What is m(l)?
11
Let k(h) = 11 - 2*h**3 + 3 + h**3 + 3 + h**2. Let y(n) = n**2 + 3*n. Let b be y(-3). Give k(b).
17
Let c(u) = -u**2 - 6*u + 18. Let k = -734 + 726. Give c(k).
2
Suppose -26*w - 139 = -27*w. Let b = 136 - w. Let d(l) = -5*l + 4. Calculate d(b).
19
Let r(y) = y**2 + 3*y + 2. Let z = -997 - -993. Calculate r(z).
6
Suppose 14 = -3*g - 5*o, 5*g + 5*o = 4*g + 2. Let k(f) = -4*f - 9. Let i(l) = -2*l - 5. Let d(x) = -5*i(x) + 2*k(x). What is d(g)?
-9
Let i(p) = p**2 + 3*p. Let k be -11 - (-4)/(2/1). Let v(o) = -5*o**2 - 13*o + 1. Let z be -4 + 16 + -5 - 9. Let b(c) = k*i(c) + z*v(c). Calculate b(2).
0
Let n = -72 - -74. Let l(o) = o - 1. What is l(n)?
1
Let d(h) = -2*h**3 + 4*h**2 - 3*h + 4. Let y be d(3). Let u = y + 27. Let n(r) = 5*r - 3*r - 10*r + u*r - 1. Give n(-1).
3
Let p(t) = 7*t - 17. Suppose 0 = -h - 5*r - 47 + 32, 0 = -4*h - 5*r. Determine p(h).
18
Let u(z) = -25 - 5*z - 3*z - z + 2*z + 44. Calculate u(2).
5
Suppose 19187*x = 19231*x - 220. Let i(g) = 3*g**2 - 1 - 3*g**2 - g**2 + 4*g. Calculate i(x).
-6
Let i be (548/(-959))/((-2)/(-7)). Let q(u) = -u**3 - u**2 - 2*u - 2. Give q(i).
6
Let a(m) = 4*m**3 - 8*m**2 + 15*m - 3. Let h(q) = -2*q**3 + 4*q**2 - 8*q + 1. Let y(g) = -3*a(g) - 5*h(g). What is y(3)?
-29
Let x(z) = 3*z**2 - 6*z. Let g(f) = -f**3 - f**2 + 2. Let k(l) = -g(l) + x(l). Give k(-5).
3
Let d(f) = f**2 - 2*f - 3. Let l be (-1 + 0)*1 + 18 + -14. Give d(l).
0
Let n(m) = -1. Suppose -5*a = -10, 3*y + 3*a = -2 + 11. Let j(p) = p - 3. Let q(c) = y*j(c) + 2*n(c). Calculate q(9).
4
Let a(n) be the second derivative of n**4/12 + n**3/3 - 6*n**2 - 6*n + 10. Calculate a(-5).
3
Let t(z) = -8846*z**2 + 4419*z**2 - 10 - 9*z - z**3 + 4419*z**2. Let j = -3 + 1. Let b be 1*7*2/j. What is t(b)?
4
Let f(z) = -7*z**3 - 6*z**2 - 6*z - 10. Let q(n) = -5*n**3 - 6*n**2 - 4*n - 9. Let t(k) = -3*f(k) + 4*q(k). Calculate t(4).
-30
Let v(u) = 11*u - 27*u + 8*u + 10*u + 19. Calculate v(-15).
-11
Let z = -42 - -47. Suppose 0 = -3*r - b - z, -4*r - 1 - 3 = 4*b. Let n(c) = 3*c**2 - 3*c - 3. Calculate n(r).
15
Let a(m) = -2*m - 2. Let q(s) = 3*s + 3. Let z(t) = t**2 - 3*t - 22. Let f be z(-3). Let k(o) = f*a(o) - 3*q(o). What is k(-9)?
8
Let t(w) = -9*w**2 + 4*w + 6. Let p(s) = -7*s**2 + 5*s + 5. Let k(b) = 4*p(b) - 3*t(b). What is k(8)?
2
Let m = 150 - 144. Let n(z) = -z**2 + 10*z - 9. What is n(m)?
15
Let o(f) = -2 - 4 - 4 - f. Suppose -41*g - 23*g = 52*g. Determine o(g).
-10
Let b(c) = -6*c**2 + c - 8. Let n(y) = y**2 + 672*y + 1 - 671*y + 0*y**2. Let o(p) = -b(p) - 5*n(p). Calculate o(5).
-2
Let z(i) = 8*i**3 + 18*i**2 - 2*i + 13. Let j(y) = -7*y**3 - 16*y**2 + 2*y - 12. Let k(u) = -7*j(u) - 6*z(u). Calculate k(-5).
-9
Suppose 4*p - 2*x = 10, 3*p - 2*x - 20 = 2*x. Let g(a) = 8 - 1 - 3*a**3 + 2*a**3 - 4. Determine g(p).
3
Suppose -22*l - 12 = -21*l. Let k(b) = b**2 + 10*b - 24. Give k(l).
0
Let b(r) be the first derivative of -r**3/3 - 2*r**2 + 2*r + 1. Let f be (-2)/(-12)*-244*(-30)/4. Let d = f - 308. Calculate b(d).
5
Let w(m) = -m**3 - 6 - 4*m**3 + 4*m**3 + m**2. Let k(r) = -3*r + 14. Let j be k(3). Suppose 3*o + 4*c + 16 = j*o, 4*c = o - 16. Determine w(o).
-6
Let l(n) = -n**2 - 5*n. Suppose -3*c = -63 - 63. Let m = c + -47. Calculate l(m).
0
Let a(x) be the third derivative of -x**5/60 - x**4/12 + 29*x**3/6 + 9*x**2 + 3. Calculate a(5).
-6
Let o(d) be the first derivative of d**4/4 + d**3 - 9*d**2/2 - 12*d + 837. Determine o(-5).
-17
Suppose 3*n + 31 = 2*j, 4*j + 4*n = -18 + 70. Let o(w) = 2*w - 19. Give o(j).
9
Let t(o) = -o**3 + 5*o**2 + 6*o + 8. Suppose 5*k - z = -0*k + 20, 0 = -5*k + 2*z + 20. Suppose 3*g + 5*l - 28 = 0, k = 3*g - l - 12. Give t(g).
8
Let k(f) = -f**3 + f**2 - 1. Let c(j) = -j**3 + 3*j**2 - 2*j + 2. Let i be c(2). Suppose 3*q - 4 = i. Calculate k(q).
-5
Let w(l) = -l - 2. Let v be w(-6). Suppose 0 = -9*f + v*f. Suppose -3*s = -f*s. Let n(a) = a**3 + a**2 - 1. What is n(s)?
-1
Let f(y) be the second derivative of y**3/3 - 11*y**2 + 16*y. Let x be f(10). Le